 divided by f.
7
Let c = 9 + -4. What is the remainder when 47 is divided by (24/c)/(2/10)?
23
Let p = 26 - 5. Calculate the remainder when (-123)/(-3) - 2 - -2 is divided by p.
20
Let p(r) = r**3 - 11*r**2 + 14*r + 6. Calculate the remainder when p(10) is divided by 17.
12
Let w = -144 - -206. Calculate the remainder when w is divided by 6/9*24/1.
14
Let c(u) = -3*u + 33. Let h = 57 + -11. What is the remainder when h is divided by c(7)?
10
Suppose 36 + 14 = 5*l. Calculate the remainder when ((-10)/(-30))/(3/252) is divided by l.
8
Let r = 4 + -6. Let s = r - 5. Let n = 37 + s. Calculate the remainder when n is divided by 11.
8
Let j be (-306)/10 + (-8)/20. Let m = -18 - j. Suppose 3*t - 111 = -0*t. What is the remainder when t is divided by m?
11
Let j = 38 + -23. Calculate the remainder when 2/1 + (-1 - -41) is divided by j.
12
Let l be (-16)/(-10) - (-14)/35. Suppose -i = 2, -l*v + 5*i - 62 = -5*v. Calculate the remainder when v is divided by -1 - (2 + (-2 - 14)).
11
Let u(w) = w**3 + 10*w**2 - 9*w + 21. Calculate the remainder when u(-9) is divided by 5.
3
Let s = 7 + 3. Calculate the remainder when 20 is divided by s.
0
Let m = 10 + 48. Calculate the remainder when m is divided by 20.
18
Let r be -1 - (-2 - 8) - 1. Let x be 16 - (-1 - -3) - 3. Let a = r + x. What is the remainder when a is divided by 7?
5
Suppose 7*a - 2*a = 120. What is the remainder when 46 is divided by a?
22
Suppose 0*r - 68 = 3*q + 4*r, 3*r + 15 = 0. Let m = q + 43. Suppose -b - 9 + 36 = 2*l, -5*b = l - 9. What is the remainder when m is divided by l?
13
Let v(k) = 4*k**3 - 2*k**2 - k. Let r be v(-1). Let x(b) = -b**2 - 7*b - 3. What is the remainder when 25 is divided by x(r)?
4
Let l(q) = q**3 + 11*q**2 - 3*q + 2. Let y = 6 + -17. Calculate the remainder when l(y) is divided by 12.
11
Suppose -4*a - 4 = 4. Let o = a + 5. Calculate the remainder when 5 is divided by o.
2
Suppose l - 132 = -2*l. Suppose -t + 48 = -l. Suppose 9*w = 5*w + t. Calculate the remainder when w is divided by 12.
11
Let t(n) = -3 + 2*n + 6 + n - 4*n**2 + n**3. Let w be t(3). Suppose c - 3*c = 4*a - 90, -5*c = w*a - 78. Calculate the remainder when a is divided by 11.
10
Calculate the remainder when 52 is divided by (18/(-5))/(40/(-300)).
25
Let j = -2 - -11. Let w be 7/((-14)/(-4)) + -8. What is the remainder when (w/(-4))/(6/104) is divided by j?
8
Let l(j) be the second derivative of 11*j**3/3 - 7*j. What is the remainder when l(1) is divided by 6?
4
Suppose -3*v + 44 - 8 = 0. Suppose 5*s + 5 = q, 0*s = -2*s - 2*q + 10. Suppose s = -0*d + 4*d - 88. What is the remainder when d is divided by v?
10
Suppose 6 = 3*v - 0. Suppose -5*m - g = -19, -v*g - 1 = -m - 2*m. Suppose -m*j + 18 = -2*j. Calculate the remainder when 52 is divided by j.
16
Suppose 2*m = m. Let n = 2 + 0. Suppose m = f - 2*f + n. Calculate the remainder when 5 is divided by f.
1
Suppose 3*r - 22 - 20 = 0. What is the remainder when 39 is divided by r?
11
Suppose -b + 3 = -7. What is the remainder when 28 is divided by b?
8
Let d = 4 - 3. Let v = d - -13. What is the remainder when v is divided by 5?
4
Suppose -3*t + 5*l + 1 = 0, -1 + 2 = t - l. Let p = t - -5. Suppose -36 = -u - 2*u. Calculate the remainder when u is divided by p.
5
Suppose -8*q + 10*q = 4. Suppose 3*g - q*g = 8. What is the remainder when 28 is divided by g?
4
Suppose 3*x = -x + 36. Let v(i) = 7*i**3 - 2*i - 1. Let f be v(-1). What is the remainder when 133/x - f/27 is divided by 6?
3
Let r(q) = -5*q - 2. Let a be r(-5). Suppose -112 = -4*w - f, 0 = -w + 3*f + a + 5. Calculate the remainder when w is divided by 10.
8
Suppose -3*o - d + 124 = 0, 7*d + 28 = o + 4*d. Let b = -26 + 40. Calculate the remainder when o is divided by b.
12
Let x = 387 - 276. Suppose s + 4*v - 66 = -s, -x = -4*s - v. Calculate the remainder when s is divided by 7.
6
Let f(d) = -5*d - 30. What is the remainder when f(-13) is divided by 10?
5
Let l = -63 - -106. Calculate the remainder when l is divided by 23.
20
Let u be 2/(-3)*(-9)/6. Suppose 2*n - u - 11 = 0. Calculate the remainder when 16 is divided by n.
4
Suppose -3*v - v + 20 = 0. Suppose -v*s = -54 - 16. Let y(p) = 10*p + 3. Calculate the remainder when y(5) is divided by s.
11
Calculate the remainder when 67 is divided by (-22)/(-2) - (2 - 5).
11
Suppose -208 + 52 = -3*d. Let j = 5 - 3. Suppose 3*h - 87 = -j*h + 3*f, 5*h - 5*f - 85 = 0. What is the remainder when d is divided by h?
16
Let d(n) = n**3 + 5*n**2 - 5*n - 3. Suppose -5*a + 2*s = -48, -3*a = 2*s - s - 20. What is the remainder when d(-5) is divided by a?
6
Let o(v) = v**2 - v + 2. Let n be o(0). Suppose n*f + 21 = 61. Suppose -50 = -4*g - 3*l, -3*g - 4*l + 47 = 6. Calculate the remainder when f is divided by g.
9
Suppose 2*a = -2*a + 12. Suppose -9 = -a*x - 3*s, 0*x + 2*x + 3*s = 1. Calculate the remainder when x is divided by 5.
3
Suppose -3*d = -15, -4*d = -2*f - 3*f - 10. Suppose -5*z + 58 = c + f*c, -z + 20 = c. What is the remainder when 39 is divided by c?
18
Let p = 9 + -7. What is the remainder when 2 is divided by p?
0
Suppose 0 = 4*m - 3*m - 21. What is the remainder when m is divided by 11?
10
Suppose -5*d = -3*d. Suppose -3*y = 5*u - 59 + 14, d = 4*y - 5*u - 95. Suppose 2*o = 4*o - 22. Calculate the remainder when y is divided by o.
9
Suppose 0 = 2*c + 2*d - 46, 2*d = -3*c + 6*d + 104. Let t = 43 - c. What is the remainder when 28 is divided by t?
13
Suppose -68 = -7*u + 3*u. What is the remainder when (-1)/2*(5 + -67) is divided by u?
14
Let z be (4/(-6))/((-2)/6). Let g be 2/(z + -6)*-10. Suppose -3*f + 25 = m + 2*f, 30 = 2*m + g*f. What is the remainder when 13 is divided by m?
3
Suppose 25 = l + 4*l, -4 = 3*d - 2*l. Let t be -1 - (d/(-1) + 1). Suppose 5 = -v, 2*o + t*v = -2*v + 124. Calculate the remainder when o is divided by 23.
21
Suppose 4*q - 2*k = 2*q, 3*k = -2*q + 25. Let l = 32 + -11. Calculate the remainder when 100/7 - 6/l is divided by q.
4
Let y(u) = 7*u - 12. Calculate the remainder when y(6) is divided by 16.
14
Suppose 0 = -2*d + n + 13, -3*n - 11 = -5*d + 19. Calculate the remainder when d is divided by 5.
4
Suppose 5*k = 4*k + 20. What is the remainder when k is divided by 8?
4
Let z(c) = -2*c**3 - 4*c**2 + 3. Calculate the remainder when z(-3) is divided by 11.
10
Let a(c) = -3*c**2 + 1. Let t be a(1). Let n = t - -12. Calculate the remainder when 19 is divided by n.
9
Suppose -196 - 655 = -23*h. Let z(q) = -3*q - 8. What is the remainder when h is divided by z(-6)?
7
Let i(x) = x**3 - 9*x**2 + 2*x - 4. Let b be 1/((-56)/(-18) - 3). Calculate the remainder when i(b) is divided by 4.
2
Suppose -4*x - 4 = 0, g - 2*x = 3*g - 28. Suppose -t + 5*j = 1, -3*t + 4*j + 6 = -2. Calculate the remainder when g is divided by t.
3
Suppose 4*h + 2*w - 80 = 0, -6 = -0*h - h - 4*w. What is the remainder when 42 is divided by h?
20
Let k(f) = f**3 + 7*f**2 - 6*f + 7. What is the remainder when k(-7) is divided by 13?
10
Calculate the remainder when 15 is divided by (-12)/8 - 39/(-6).
0
Suppose 4*q = 3*b - 476, 2*q - 3*b = -b - 238. Let a = -67 - q. Suppose 0 = -4*i - y + 55, -4*i - y = 3*y - a. What is the remainder when 40 is divided by i?
12
Let u be -4 - (0 - 3) - 27. Let x = u - -40. What is the remainder when 34 is divided by x?
10
Suppose 4*l + 4*y = -0*y + 52, 4*l + 5*y - 50 = 0. Calculate the remainder when 58 is divided by l.
13
Let o(t) = t + 4. Let b be o(-2). Suppose -2*k = b*j - 74, -3*k + 101 = 3*j - 5*k. Calculate the remainder when j is divided by 19.
16
Suppose -4*f = 4*q - 28, 3*q + f - 22 = 5. What is the remainder when q is divided by 7?
3
Let g = -96 + 105. What is the remainder when 32 is divided by g?
5
Suppose -2*n - 80 = -3*n. What is the remainder when 25 is divided by n/6 - (-1)/(-3)?
12
Suppose 4*k - 5*k = -24. Suppose -k + 119 = 5*w. Let v(r) = r**3 + 6*r**2 - 9*r - 4. Calculate the remainder when w is divided by v(-7).
9
Let k = 76 - 31. Calculate the remainder when k is divided by 8.
5
Suppose -3*v + 2*o = -0*v - 14, -v + 2*o - 2 = 0. What is the remainder when 21 is divided by v?
5
Let q(d) = d + 5. Let p be q(-8). Let y(i) = 2*i**2 + 5*i + 2. Let k(t) = t**3 + 4*t**2 + 3*t. What is the remainder when y(p) is divided by k(-2)?
1
Suppose -t = -19 + 4. Let q(y) = 4*y + 20. Calculate the remainder when t is divided 